factor of 840?
True
Is 193 a factor of 16649?
False
Is 130 a factor of 24775?
False
Is 76 even?
True
Is 2834 a multiple of 13?
True
Is 12 a factor of 107939?
False
Does 29 divide 1305?
True
Is 10 a factor of 1667?
False
Is 21454 a multiple of 42?
False
Is 2 a factor of 143?
False
Is 9 a factor of 21559?
False
Is 14750 a multiple of 25?
True
Is 56 a multiple of 8?
True
Is 1551 a multiple of 53?
False
Does 21 divide 1591?
False
Is 111 a factor of 4889?
False
Is 9 a factor of 172?
False
Does 77 divide 6467?
False
Is 3960 a multiple of 15?
True
Does 76 divide 49172?
True
Does 194 divide 40228?
False
Is 106519 a multiple of 27?
False
Does 13 divide 159796?
True
Is 10 a factor of 720?
True
Is 48 a factor of 293?
False
Is 2580 a multiple of 12?
True
Does 27 divide 654?
False
Is 14448 a multiple of 28?
True
Is 2 a factor of 154?
True
Is 19922 a multiple of 3?
False
Is 108 a factor of 10047?
False
Is 70 a factor of 126?
False
Does 50 divide 1100?
True
Is 36 a factor of 1980?
True
Does 60 divide 1932?
False
Does 14 divide 1540?
True
Is 17 a factor of 10778?
True
Does 4 divide 540?
True
Is 9774 a multiple of 18?
True
Does 68 divide 31076?
True
Is 47 a multiple of 4?
False
Does 13 divide 795?
False
Is 18 a factor of 36792?
True
Does 235 divide 23735?
True
Is 2533 a multiple of 6?
False
Does 32 divide 1920?
True
Is 46 a factor of 3542?
True
Does 139 divide 1112?
True
Does 14 divide 1005?
False
Does 56 divide 14112?
True
Does 38 divide 42825?
False
Is 4779 a multiple of 177?
True
Is 22 a factor of 1189?
False
Is 25470 a multiple of 10?
True
Is 854 even?
True
Is 82 a multiple of 4?
False
Is 26 a factor of 6292?
True
Is 1260 a multiple of 30?
True
Is 1264 a multiple of 46?
False
Is 196 a factor of 1764?
True
Is 2895 a multiple of 42?
False
Does 158 divide 25122?
True
Is 783 a multiple of 87?
True
Does 122 divide 16422?
False
Is 131 a factor of 38165?
False
Is 12 a factor of 9828?
True
Does 58 divide 24893?
False
Is 3251 a multiple of 26?
False
Is 44 a factor of 1270?
False
Is 29 a factor of 667?
True
Does 6 divide 480?
True
Is 46 a factor of 27232?
True
Is 22 a factor of 418?
True
Is 7965 a multiple of 45?
True
Does 51 divide 510?
True
Is 79 a factor of 18802?
True
Does 12 divide 1832?
False
Is 1232 a multiple of 44?
True
Is 166 a factor of 49966?
True
Is 9 a factor of 1816?
False
Does 17 divide 1340?
False
Is 4318 a multiple of 34?
True
Does 17 divide 6392?
True
Does 11 divide 110?
True
Does 43 divide 47019?
False
Is 14 a factor of 3596?
False
Does 10 divide 307?
False
Is 5638 a multiple of 13?
False
Is 57 a multiple of 7?
False
Does 112 divide 7282?
False
Does 6 divide 7861?
False
Is 59755 a multiple of 19?
True
Does 91 divide 3913?
True
Is 6 a factor of 72?
True
Does 9 divide 14505?
False
Does 46 divide 16974?
True
Is 2783 a multiple of 4?
False
Does 20 divide 775?
False
Does 50 divide 78050?
True
Is 23 a factor of 14480?
False
Is 41 a factor of 9236?
False
Is 18573 a multiple of 123?
True
Is 2 a factor of 22?
True
Is 12 a factor of 9881?
False
Is 35 a multiple of 7?
True
Does 29 divide 4321?
True
Does 20 divide 6540?
True
Does 20 divide 72420?
True
Does 5 divide 18090?
True
Is 10 a factor of 164?
False
Is 36 a factor of 18324?
True
Is 6666 a multiple of 2?
True
Does 2 divide 640?
True
Is 16 a factor of 56?
False
Does 366 divide 24023?
False
Is 36 a factor of 17748?
True
Is 70015 a multiple of 116?
False
Is 555 a multiple of 111?
True
Is 738 a multiple of 12?
False
Does 14 divide 19404?
True
Is 6688 a multiple of 11?
True
Does 86 divide 124528?
True
Is 50791 a multiple of 193?
False
Does 10 divide 68?
False
Does 24 divide 2640?
True
Is 12 a factor of 140987?
False
Is 331 a multiple of 33?
False
Is 15511 a multiple of 22?
False
Is 5 a factor of 335?
True
Is 4872 a multiple of 28?
True
Is 9000 a multiple of 90?
True
Does 14 divide 151?
False
Does 13 divide 74364?
False
Is 6108 a multiple of 36?
False
Does 22 divide 66?
True
Is 20410 a multiple of 157?
True
Is 4 a factor of 341?
False
Is 47362 a multiple of 7?
True
Is 25 a factor of 100?
True
Is 54293 a multiple of 10?
False
Is 14 a factor of 3067?
False
Is 7 a factor of 5103?
True
Does 165 divide 13860?
True
Is 254 a multiple of 10?
False
Is 2644 a multiple of 11?
False
Does 9 divide 2823?
False
Is 13 a factor of 144?
False
Does 8 divide 112?
True
Does 34 divide 1897?
False
Is 442 a multiple of 34?
True
Is 109 a factor of 5788?
False
Is 98 a multiple of 7?
True
Is 15 a factor of 45061?
False
Is 20468 a multiple of 86?
True
Does 8 divide 26650?
False
Is 31219 a multiple of 233?
False
Is 533 a multiple of 16?
False
Is 12 a factor of 11251?
False
Is 5904 a multiple of 164?
True
Is 48 a factor of 2186?
False
Does 7 divide 364?
True
Does 95 divide 2058?
False
Is 14 a factor of 2083?
False
Does 45 divide 355?
False
Does 15 divide 432?
False
Does 24 divide 2168?
False
Is 71 a factor of 114689?
False
Is 4 a factor of 49068?
True
Is 60 a factor of 1500?
True
Is 32 a factor of 211?
False
Is 38 a factor of 108435?
False
Does 13 divide 868?
False
Does 9 divide 319?
False
Is 11466 a multiple of 39?
True
Does 27 divide 52?
False
Does 11 divide 19822?
True
Does 28 divide 18704?
True
Is 6 a factor of 247?
False
Does 6 divide 23660?
False
Is 17948 a multiple of 28?
True
Is 3 a factor of 638?
False
Is 65142 a multiple of 21?
True
Does 64 divide 15197?
False
Does 7 divide 28754?
False
Does 8 divide 176?
True
Is 10 a factor of 400?
True
Is 1084 a multiple of 29?
False
Is 59 a factor of 48899?
False
Does 121 divide 12906?
False
Does 31 divide 1023?
True
Is 17353 a multiple of 48?
False
Does 18 divide 10080?
True
Is 4012 a multiple of 82?
False
Is 16 a factor of 161?
False
Is 12210 a multiple of 66?
True
Does 97 divide 2778?
False
Does 8 divide 3392?
True
Does 36 divide 3384?
True
Is 149 a factor of 10868?
False
Is 11 a factor of 1933?
False
Is 25 a factor of 75?
True
Is 23455 a multiple of 206?
False
Does 11 divide 69?
False
Is 193180 a multiple of 14?
False
Is 16465 a multiple of 185?
True
Is 2120 a multiple of 20?
True
Is 130 a factor of 29316?
False
Is 452 a multiple of 113?
True
Does 51 divide 73258?
False
Is 1716 a multiple of 40?
False
Is 51 a factor of 10047?
True
Is 5095 a multiple of 10?
False
Is 39 a factor of 100368?
False
Is 7 a factor of 65995?
False
Does 269 divide 5918?
True
Does 15 divide 585?
True
Is 5850 a multiple of 75?
True
Is 330 a multiple of 15?
True
Is 35978 a multiple of 181?
False
Does 21 divide 17493?
True
Does 34 divide 83436?
True
Is 18 a factor of 310?
False
Is 1582 a multiple of 4?
False
Does 4 divide 9524?
True
Does 22 divide 198?
True
Does 78 divide 5716?
False
Is 269 a multiple of 60?
False
Does 4 divide 29?
False
Is 10 a factor of 5307?
False
Does 21 divide 5145?
True
Is 5108 a multiple of 200?
False
Does 39 divide 17528?
False
Does 15 divide 2715?
True
Is 4694 a multiple of 90?
False
Is 68 a factor of 2244?
True
Is 71 a factor of 35862?
False
Does 10 divide 2476?
False
Does 24 divide 16488?
True
Is 114 a factor of 24064?
False
Does 9 divide 47574?
True
Is 18 a factor of 1318?
False
Is 5 a factor of 175?
True
Does 3 divide 2262?
True
Is 91 a factor of 10437?
False
Does 18 divide 17780?
False
Does 38 divide 2419?
False
Is 13 a factor of 29661?
False
Is 3251 a multiple of 4?
False
Does 197 divide 9850?
True
Does 21 divide 41622?
True
Is 4 a factor of 1161?
False
Is 3672 a multiple of 136?
True
Is 4265 a multiple of 10?
False
Is 9 a factor of 10241?
False
Is 13536 a multiple of 12?
True
Is 33 a factor of 2958?
False
Is 3 a factor of 24707?
False
Is 9099 a multiple of 54?
False
Is 33 a factor of 725?
False
Is 9390 a multiple of 6?
True
Is 3674 a multiple of 22?
True
Does 5 divide 304?
False
Is 51 a factor of 99417?
False
Does 4 divide 40?
True
Does 12 divide 2280?
True
Is 60 a factor of 435?
False
Is 1456 a multiple of 64?
False
Is 20 a factor of 940?
True
Is 6 a factor of 1434?
True
Is 392 a multiple of 14?
True
Is 3752 a multiple of 56?
True
Is 34 a factor of 310?
False
Is 478 a multiple of 42?
False
Does 56 divide 5936?
True
Does 11 divide 220?
True
Does 125 divide 4250?
True
Is 142 a factor of 45582?
True
Is 28960 a multiple of 5?
True
Is 50632 a multiple of 20?
False
Is 8 a factor of 146?
False
Does 12 divide 1812?
True
Does 18 divide 16394?
False
Is 17 a factor of 697?
True
Is 32 a fact